









------------------ Error logs ------------------







--------- beginning of main










------------------ Debug logs ------------------







--------- beginning of main
12-18 16:09:04.177  2765  2765 D VectorUniSrchActivity: ## onSearchEnd() nbrMsg=1
12-18 16:09:04.435  2765  2765 D PublicRoomsManager: ## startPublicRoomsSearch()  : server null pattern @sol
12-18 16:09:04.435  2765  2765 D RestAdapterCallback: Trigger the event [loadPublicRooms]
12-18 16:09:04.440  2765  2765 D VectorUniSrchActivity: ## onSearchEnd() nbrMsg=1
12-18 16:09:04.822  2765  2765 D RestAdapterCallback: ## Succeed() : [loadPublicRooms]
12-18 16:09:04.822  2765  2765 D NetworkReceiver: ## isConnected() : true
12-18 16:09:04.822  2765  2765 D PublicRoomsManager: ## launchPublicRoomsRequest() : the request has been cancelled
12-18 16:09:05.273  2765  2765 D PublicRoomsManager: ## startPublicRoomsSearch()  : server null pattern @sols
12-18 16:09:05.273  2765  2765 D RestAdapterCallback: Trigger the event [loadPublicRooms]
12-18 16:09:05.280  2765  2765 D VectorUniSrchActivity: ## onSearchEnd() nbrMsg=1
12-18 16:09:05.618  2765  2765 D GcmListenerService: ## onMessageReceived() --------------------------------
12-18 16:09:05.693  2765  2765 D PublicRoomsManager: ## startPublicRoomsSearch()  : server null pattern @solst
12-18 16:09:05.693  2765  2765 D RestAdapterCallback: Trigger the event [loadPublicRooms]
12-18 16:09:05.698  2765  2765 D VectorUniSrchActivity: ## onSearchEnd() nbrMsg=1
12-18 16:09:06.052  2765  2765 D RestAdapterCallback: ## Succeed() : [syncFromToken]
12-18 16:09:06.052  2765  2765 D EventsThread: Got event response
12-18 16:09:06.052  2765  2765 D EventsThread: mCurrentToken is now set to s69300565_101613080_178628_8738210_66784_29874_194810
12-18 16:09:06.052  2765  3962 D MXData  : onSyncComplete
12-18 16:09:06.053  2765  3981 D EventsThread: Get events from token s69300565_101613080_178628_8738210_66784_29874_194810
12-18 16:09:06.053  2765  3981 D RestAdapterCallback: Trigger the event [syncFromToken]
12-18 16:09:06.054  2765  3962 D MXCallsManager: checkPendingIncomingCalls
12-18 16:09:06.054  2765  2765 D Matrix  : onLiveEventsChunkProcessed 
12-18 16:09:06.054  2765  2765 D EventStreamService: checkNotification :  the room exists
12-18 16:09:06.054  2765  2765 D EventStreamService: checkNotification :  event case
12-18 16:09:06.054  2765  2765 D EventStreamService: checkNotification :  clearNotification false
12-18 16:09:06.055  2765  2765 D VectorRecentsListFrg: onLiveEventsChunkProcessed
12-18 16:09:06.242  2765  2765 D PublicRoomsManager: ## startPublicRoomsSearch()  : server null pattern @solsta
12-18 16:09:06.242  2765  2765 D RestAdapterCallback: Trigger the event [loadPublicRooms]
12-18 16:09:06.250  2765  2765 D VectorUniSrchActivity: ## onSearchEnd() nbrMsg=1
12-18 16:09:06.594  2765  2765 D RestAdapterCallback: ## Succeed() : [loadPublicRooms]
12-18 16:09:06.594  2765  2765 D NetworkReceiver: ## isConnected() : true
12-18 16:09:06.594  2765  2765 D PublicRoomsManager: ## launchPublicRoomsRequest() : the request has been cancelled
12-18 16:09:07.700  2765  2765 D PublicRoomsManager: ## startPublicRoomsSearch()  : server null pattern @solstag
12-18 16:09:07.700  2765  2765 D RestAdapterCallback: Trigger the event [loadPublicRooms]
12-18 16:09:07.705  2765  2765 D VectorUniSrchActivity: ## onSearchEnd() nbrMsg=1
12-18 16:09:08.778  2765  2765 D PublicRoomsManager: ## startPublicRoomsSearch()  : server null pattern @solstag.
12-18 16:09:08.778  2765  2765 D RestAdapterCallback: Trigger the event [loadPublicRooms]
12-18 16:09:08.784  2765  2765 D VectorUniSrchActivity: ## onSearchEnd() nbrMsg=1
12-18 16:09:08.949  2765  2765 D RestAdapterCallback: ## Succeed() : [loadPublicRooms]
12-18 16:09:08.949  2765  2765 D NetworkReceiver: ## isConnected() : true
12-18 16:09:08.949  2765  2765 D PublicRoomsManager: ## launchPublicRoomsRequest() : the request has been cancelled
12-18 16:09:08.999  2765  2765 D RestAdapterCallback: ## Succeed() : [loadPublicRooms]
12-18 16:09:08.999  2765  2765 D NetworkReceiver: ## isConnected() : true
12-18 16:09:09.000  2765  2765 D PublicRoomsManager: ## launchPublicRoomsRequest() : the request has been cancelled
12-18 16:09:09.176  2765  2765 D PublicRoomsManager: ## startPublicRoomsSearch()  : server null pattern @solstag.m
12-18 16:09:09.176  2765  2765 D RestAdapterCallback: Trigger the event [loadPublicRooms]
12-18 16:09:09.180  2765  2765 D VectorUniSrchActivity: ## onSearchEnd() nbrMsg=1
12-18 16:09:09.846  2765  2765 D PublicRoomsManager: ## startPublicRoomsSearch()  : server null pattern @solstag.ma
12-18 16:09:09.847  2765  2765 D RestAdapterCallback: Trigger the event [loadPublicRooms]
12-18 16:09:09.852  2765  2765 D VectorUniSrchActivity: ## onSearchEnd() nbrMsg=1
12-18 16:09:10.435  2765  2765 D PublicRoomsManager: ## startPublicRoomsSearch()  : server null pattern @solstag.mat
12-18 16:09:10.435  2765  2765 D RestAdapterCallback: Trigger the event [loadPublicRooms]
12-18 16:09:10.444  2765  2765 D VectorUniSrchActivity: ## onSearchEnd() nbrMsg=1
12-18 16:09:10.682  2765  2765 D PublicRoomsManager: ## startPublicRoomsSearch()  : server null pattern @solstag.matr
12-18 16:09:10.682  2765  2765 D RestAdapterCallback: Trigger the event [loadPublicRooms]
12-18 16:09:10.686  2765  2765 D VectorUniSrchActivity: ## onSearchEnd() nbrMsg=1
12-18 16:09:11.507  2765  2765 D PublicRoomsManager: ## startPublicRoomsSearch()  : server null pattern @solstag.matri
12-18 16:09:11.507  2765  2765 D RestAdapterCallback: Trigger the event [loadPublicRooms]
12-18 16:09:11.514  2765  2765 D VectorUniSrchActivity: ## onSearchEnd() nbrMsg=1
12-18 16:09:11.540  2765  3960 D MXFileStore: saveRoomsState 32789 : 9258 ms
12-18 16:09:11.540  2765  3960 D MXFileStore: saveRoomsState : 1 rooms in 9258 ms
12-18 16:09:11.545  2765  3960 D MXFileStore: saveSummaries : 1 summaries in 5 ms
12-18 16:09:11.550  2765  3960 D MXFileStore: saveMetaData : 4 ms
12-18 16:09:11.604  2765  3960 D MXFileStore: saveReceipts : roomId !DeuJfzJakkOlzOGEdi:matrix.org eventId : 54 ms
12-18 16:09:11.609  2765  3960 D MXFileStore: saveSummaries : 1 summaries in 5 ms
12-18 16:09:11.613  2765  3960 D MXFileStore: saveSummaries : 1 summaries in 4 ms
12-18 16:09:11.633  2765  3960 D MXFileStore: saveRoomsMessage (!DeuJfzJakkOlzOGEdi:matrix.org) : 22 messages saved in 20 ms
12-18 16:09:11.633  2765  3960 D MXFileStore: saveRoomsMessages : 1 rooms in 20 ms
12-18 16:09:11.637  2765  3960 D MXFileStore: saveSummaries : 1 summaries in 4 ms
12-18 16:09:11.639  2765  3960 D MXFileStore: saveMetaData : 2 ms
12-18 16:09:12.238  2765  2765 D PublicRoomsManager: ## startPublicRoomsSearch()  : server null pattern @solstag.matrix
12-18 16:09:12.238  2765  2765 D RestAdapterCallback: Trigger the event [loadPublicRooms]
12-18 16:09:12.249  2765  2765 D VectorUniSrchActivity: ## onSearchEnd() nbrMsg=1
12-18 16:09:12.992  2765  2765 D RestAdapterCallback: ## Succeed() : [syncFromToken]
12-18 16:09:12.992  2765  2765 D EventsThread: Got event response
12-18 16:09:12.992  2765  2765 D EventsThread: mCurrentToken is now set to s69300593_101613111_178629_8738213_66784_29874_194810
12-18 16:09:12.992  2765  3962 D MXData  : onSyncComplete
12-18 16:09:12.992  2765  3962 D MXData  : Received 1 joined rooms
12-18 16:09:12.992  2765  3962 D Room    : handleJoinedRoomSync !DeuJfzJakkOlzOGEdi:matrix.org
12-18 16:09:12.994  2765  3981 D EventsThread: Get events from token s69300593_101613111_178629_8738213_66784_29874_194810
12-18 16:09:12.995  2765  3981 D RestAdapterCallback: Trigger the event [syncFromToken]
12-18 16:09:13.121  2765  3962 D EventTimeline: handleLiveEvent : onBingEvent
12-18 16:09:13.122  2765  3962 D MXFileStore: Set token to s69300593_101613111_178629_8738213_66784_29874_194810
12-18 16:09:13.122  2765  2765 D EventStreamService: prepareNotification : $1482084551789635xpbPi:matrix.org in !DeuJfzJakkOlzOGEdi:matrix.org
12-18 16:09:13.122  2765  3962 D MXFileStore: ++ Commit
12-18 16:09:13.122  2765  2765 D EventStreamService: prepareNotification : with sound false
12-18 16:09:13.139  2765  3962 D MXFileStore: -- Commit
12-18 16:09:13.139  2765  3962 D MXMemoryStore: eventsAfter !DeuJfzJakkOlzOGEdi:matrix.org - eventId $1482083756786337WXAMZ:matrix.org : 23 unreads
12-18 16:09:13.139  2765  3962 D MXFileStore: ++ Commit
12-18 16:09:13.139  2765  3962 D MXFileStore: -- Commit
12-18 16:09:13.140  2765  3962 D MXCallsManager: checkPendingIncomingCalls
12-18 16:09:13.140  2765  2765 D Matrix  : onLiveEventsChunkProcessed 
12-18 16:09:13.140  2765  2765 D EventStreamService: checkNotification :  the room exists
12-18 16:09:13.140  2765  2765 D EventStreamService: checkNotification :  event case
12-18 16:09:13.140  2765  2765 D EventStreamService: checkNotification :  clearNotification false
12-18 16:09:13.140  2765  2765 D EventStreamService: checkNotification :  the room exists
12-18 16:09:13.140  2765  2765 D EventStreamService: checkNotification :  event case
12-18 16:09:13.140  2765  2765 D EventStreamService: checkNotification :  clearNotification false
12-18 16:09:13.144  2765  2765 D VectorRecentsListFrg: onLiveEventsChunkProcessed
12-18 16:09:13.210  2765  2765 D PublicRoomsManager: ## startPublicRoomsSearch()  : server null pattern @solstag.matrix.
12-18 16:09:13.210  2765  2765 D RestAdapterCallback: Trigger the event [loadPublicRooms]
12-18 16:09:13.215  2765  2765 D VectorUniSrchActivity: ## onSearchEnd() nbrMsg=1
12-18 16:09:13.227  2765  2765 D RestAdapterCallback: ## Succeed() : [searchMessageText]
12-18 16:09:13.374  2765  2765 D RestAdapterCallback: ## Succeed() : [syncFromToken]
12-18 16:09:13.374  2765  2765 D EventsThread: Got event response
12-18 16:09:13.374  2765  2765 D EventsThread: mCurrentToken is now set to s69300598_101613112_178629_8738213_66784_29874_194810
12-18 16:09:13.374  2765  3962 D MXData  : onSyncComplete
12-18 16:09:13.375  2765  3962 D MXData  : Received 1 joined rooms
12-18 16:09:13.375  2765  3981 D EventsThread: Get events from token s69300598_101613112_178629_8738213_66784_29874_194810
12-18 16:09:13.375  2765  3981 D RestAdapterCallback: Trigger the event [syncFromToken]
12-18 16:09:13.375  2765  3962 D Room    : handleJoinedRoomSync !DeuJfzJakkOlzOGEdi:matrix.org
12-18 16:09:13.477  2765  3962 D EventTimeline: handleLiveEvent : onBingEvent
12-18 16:09:13.477  2765  3962 D MXFileStore: Set token to s69300598_101613112_178629_8738213_66784_29874_194810
12-18 16:09:13.477  2765  3962 D MXFileStore: ++ Commit
12-18 16:09:13.477  2765  2765 D EventStreamService: prepareNotification : $1482084552789638XkHQY:matrix.org in !DeuJfzJakkOlzOGEdi:matrix.org
12-18 16:09:13.477  2765  2765 D EventStreamService: prepareNotification : with sound false
12-18 16:09:13.493  2765  3962 D MXFileStore: -- Commit
12-18 16:09:13.493  2765  3962 D MXMemoryStore: eventsAfter !DeuJfzJakkOlzOGEdi:matrix.org - eventId $1482083756786337WXAMZ:matrix.org : 24 unreads
12-18 16:09:13.499  2765  3962 D MXFileStore: ++ Commit
12-18 16:09:13.499  2765  3962 D MXFileStore: -- Commit
12-18 16:09:13.499  2765  3962 D MXCallsManager: checkPendingIncomingCalls
12-18 16:09:13.521  2765  2765 D Matrix  : onLiveEventsChunkProcessed 
12-18 16:09:13.521  2765  2765 D EventStreamService: checkNotification :  the room exists
12-18 16:09:13.521  2765  2765 D EventStreamService: checkNotification :  event case
12-18 16:09:13.522  2765  2765 D EventStreamService: checkNotification :  clearNotification false
12-18 16:09:13.522  2765  2765 D EventStreamService: checkNotification :  the room exists
12-18 16:09:13.522  2765  2765 D EventStreamService: checkNotification :  event case
12-18 16:09:13.522  2765  2765 D EventStreamService: checkNotification :  clearNotification false
12-18 16:09:13.536  2765  2765 D VectorRecentsListFrg: onLiveEventsChunkProcessed
12-18 16:09:13.739  2765  2765 D RestAdapterCallback: ## Succeed() : [loadPublicRooms]
12-18 16:09:13.739  2765  2765 D NetworkReceiver: ## isConnected() : true
12-18 16:09:13.739  2765  2765 D PublicRoomsManager: ## launchPublicRoomsRequest() : the request has been cancelled
12-18 16:09:13.746  2765  2765 D RestAdapterCallback: ## Succeed() : [loadPublicRooms]
12-18 16:09:13.746  2765  2765 D NetworkReceiver: ## isConnected() : true
12-18 16:09:13.746  2765  2765 D PublicRoomsManager: ## launchPublicRoomsRequest() : the request has been cancelled
12-18 16:09:13.750  2765  2765 D RestAdapterCallback: ## Succeed() : [loadPublicRooms]
12-18 16:09:13.750  2765  2765 D NetworkReceiver: ## isConnected() : true
12-18 16:09:13.750  2765  2765 D PublicRoomsManager: ## launchPublicRoomsRequest() : the request has been cancelled
12-18 16:09:13.910  2765  2765 D PublicRoomsManager: ## startPublicRoomsSearch()  : server null pattern @solstag.matrix.o
12-18 16:09:13.910  2765  2765 D RestAdapterCallback: Trigger the event [loadPublicRooms]
12-18 16:09:13.915  2765  2765 D VectorUniSrchActivity: ## onSearchEnd() nbrMsg=1
12-18 16:09:13.915  2765  2765 D RestAdapterCallback: ## Succeed() : [syncFromToken]
12-18 16:09:13.915  2765  2765 D EventsThread: Got event response
12-18 16:09:13.915  2765  2765 D EventsThread: mCurrentToken is now set to s69300603_101613114_178629_8738213_66784_29874_194810
12-18 16:09:13.916  2765  3981 D EventsThread: Get events from token s69300603_101613114_178629_8738213_66784_29874_194810
12-18 16:09:13.916  2765  3962 D MXData  : onSyncComplete
12-18 16:09:13.916  2765  3981 D RestAdapterCallback: Trigger the event [syncFromToken]
12-18 16:09:13.916  2765  3962 D MXData  : Received 1 joined rooms
12-18 16:09:13.916  2765  3962 D Room    : handleJoinedRoomSync !DeuJfzJakkOlzOGEdi:matrix.org
12-18 16:09:13.981  2765  3962 D EventTimeline: handleLiveEvent : onBingEvent
12-18 16:09:13.981  2765  3962 D MXFileStore: Set token to s69300603_101613114_178629_8738213_66784_29874_194810
12-18 16:09:13.981  2765  3962 D MXFileStore: ++ Commit
12-18 16:09:13.992  2765  3962 D MXFileStore: -- Commit
12-18 16:09:13.992  2765  3962 D MXMemoryStore: eventsAfter !DeuJfzJakkOlzOGEdi:matrix.org - eventId $1482083756786337WXAMZ:matrix.org : 25 unreads
12-18 16:09:13.998  2765  2765 D EventStreamService: prepareNotification : $1482084553789646lzcip:matrix.org in !DeuJfzJakkOlzOGEdi:matrix.org
12-18 16:09:13.999  2765  2765 D EventStreamService: prepareNotification : with sound false
12-18 16:09:14.001  2765  3962 D MXFileStore: ++ Commit
12-18 16:09:14.001  2765  3962 D MXFileStore: -- Commit
12-18 16:09:14.001  2765  3962 D MXCallsManager: checkPendingIncomingCalls
12-18 16:09:14.012  2765  2765 D Matrix  : onLiveEventsChunkProcessed 
12-18 16:09:14.012  2765  2765 D EventStreamService: checkNotification :  the room exists
12-18 16:09:14.012  2765  2765 D EventStreamService: checkNotification :  event case
12-18 16:09:14.012  2765  2765 D EventStreamService: checkNotification :  clearNotification false
12-18 16:09:14.012  2765  2765 D EventStreamService: checkNotification :  the room exists
12-18 16:09:14.012  2765  2765 D EventStreamService: checkNotification :  event case
12-18 16:09:14.012  2765  2765 D EventStreamService: checkNotification :  clearNotification false
12-18 16:09:14.018  2765  2765 D VectorRecentsListFrg: onLiveEventsChunkProcessed
12-18 16:09:14.568  2765  2765 D PublicRoomsManager: ## startPublicRoomsSearch()  : server null pattern @solstag.matrix.or
12-18 16:09:14.568  2765  2765 D RestAdapterCallback: Trigger the event [loadPublicRooms]
12-18 16:09:14.573  2765  2765 D VectorUniSrchActivity: ## onSearchEnd() nbrMsg=1
12-18 16:09:15.033  2765  2765 D RestAdapterCallback: ## Succeed() : [loadPublicRooms]
12-18 16:09:15.033  2765  2765 D NetworkReceiver: ## isConnected() : true
12-18 16:09:15.034  2765  2765 D PublicRoomsManager: ## launchPublicRoomsRequest() : the request has been cancelled
12-18 16:09:15.072  2765  2765 D GcmListenerService: ## onMessageReceived() --------------------------------
12-18 16:09:15.464  2765  2765 D RestAdapterCallback: ## Succeed() : [syncFromToken]
12-18 16:09:15.464  2765  2765 D EventsThread: Got event response
12-18 16:09:15.465  2765  2765 D EventsThread: mCurrentToken is now set to s69300609_101613118_178629_8738214_66784_29874_194810
12-18 16:09:15.465  2765  3962 D MXData  : onSyncComplete
12-18 16:09:15.465  2765  3962 D MXData  : Received 1 joined rooms
12-18 16:09:15.465  2765  3981 D EventsThread: Get events from token s69300609_101613118_178629_8738214_66784_29874_194810
12-18 16:09:15.465  2765  3962 D Room    : handleJoinedRoomSync !DeuJfzJakkOlzOGEdi:matrix.org
12-18 16:09:15.465  2765  3981 D RestAdapterCallback: Trigger the event [syncFromToken]
12-18 16:09:15.540  2765  2779 I art     : Background sticky concurrent mark sweep GC freed 181348(11MB) AllocSpace objects, 8(896KB) LOS objects, 13% free, 75MB/86MB, paused 9.457ms total 69.573ms
12-18 16:09:15.544  2765  3962 D EventTimeline: handleLiveEvent : onBingEvent
12-18 16:09:15.544  2765  3962 D MXFileStore: Set token to s69300609_101613118_178629_8738214_66784_29874_194810
12-18 16:09:15.544  2765  3962 D MXFileStore: ++ Commit
12-18 16:09:15.549  2765  3962 D MXFileStore: -- Commit
12-18 16:09:15.549  2765  3962 D MXMemoryStore: eventsAfter !DeuJfzJakkOlzOGEdi:matrix.org - eventId $1482083756786337WXAMZ:matrix.org : 26 unreads
12-18 16:09:15.551  2765  3962 D MXFileStore: ++ Commit
12-18 16:09:15.551  2765  3962 D MXFileStore: -- Commit
12-18 16:09:15.551  2765  3962 D MXCallsManager: checkPendingIncomingCalls
12-18 16:09:15.579  2765  2765 D PublicRoomsManager: ## startPublicRoomsSearch()  : server null pattern @solstag.matrix.org
12-18 16:09:15.579  2765  2765 D RestAdapterCallback: Trigger the event [loadPublicRooms]
12-18 16:09:15.579  2765  2765 D EventStreamService: prepareNotification : $1482084555789652LEGeR:matrix.org in !DeuJfzJakkOlzOGEdi:matrix.org
12-18 16:09:15.579  2765  2765 D EventStreamService: prepareNotification : with sound false
12-18 16:09:15.592  2765  2765 D Matrix  : onLiveEventsChunkProcessed 
12-18 16:09:15.592  2765  2765 D EventStreamService: checkNotification :  the room exists
12-18 16:09:15.592  2765  2765 D EventStreamService: checkNotification :  event case
12-18 16:09:15.592  2765  2765 D EventStreamService: checkNotification :  clearNotification false
12-18 16:09:15.592  2765  2765 D EventStreamService: checkNotification :  the room exists
12-18 16:09:15.592  2765  2765 D EventStreamService: checkNotification :  event case
12-18 16:09:15.592  2765  2765 D EventStreamService: checkNotification :  clearNotification false
12-18 16:09:15.598  2765  2765 D VectorRecentsListFrg: onLiveEventsChunkProcessed
12-18 16:09:15.630  2765  2765 D VectorUniSrchActivity: ## onSearchEnd() nbrMsg=1
12-18 16:09:16.732  2765  2765 D GcmListenerService: ## onMessageReceived() --------------------------------
12-18 16:09:16.961  2765  2765 D PublicRoomsManager: ## startPublicRoomsSearch()  : server null pattern @solstag.matrix.org
12-18 16:09:16.961  2765  2765 D RestAdapterCallback: Trigger the event [loadPublicRooms]
12-18 16:09:16.971  2765  2765 D VectorUniSrchActivity: ## onSearchEnd() nbrMsg=1
12-18 16:09:17.300  2765  2765 D RestAdapterCallback: ## Succeed() : [loadPublicRooms]
12-18 16:09:17.300  2765  2765 D NetworkReceiver: ## isConnected() : true
12-18 16:09:17.300  2765  2765 D PublicRoomsManager: ## launchPublicRoomsRequest() : the request has been cancelled
12-18 16:09:18.352  2765  2765 D GcmListenerService: ## onMessageReceived() --------------------------------
12-18 16:09:18.505  2765  2765 D GcmListenerService: ## onMessageReceived() --------------------------------
12-18 16:09:19.256  2765  2765 D RestAdapterCallback: ## Succeed() : [syncFromToken]
12-18 16:09:19.256  2765  2765 D EventsThread: Got event response
12-18 16:09:19.256  2765  2765 D EventsThread: mCurrentToken is now set to s69300626_101613141_178632_8738216_66784_29874_194810
12-18 16:09:19.256  2765  3962 D MXData  : onSyncComplete
12-18 16:09:19.256  2765  3981 D EventsThread: Get events from token s69300626_101613141_178632_8738216_66784_29874_194810
12-18 16:09:19.256  2765  3962 D MXCallsManager: checkPendingIncomingCalls
12-18 16:09:19.256  2765  3981 D RestAdapterCallback: Trigger the event [syncFromToken]
12-18 16:09:19.256  2765  2765 D Matrix  : onLiveEventsChunkProcessed 
12-18 16:09:19.256  2765  2765 D EventStreamService: checkNotification :  the room exists
12-18 16:09:19.256  2765  2765 D EventStreamService: checkNotification :  event case
12-18 16:09:19.256  2765  2765 D EventStreamService: checkNotification :  clearNotification false
12-18 16:09:19.256  2765  2765 D VectorRecentsListFrg: onLiveEventsChunkProcessed
12-18 16:09:20.508  2765  3960 D MXFileStore: saveRoomsState 32789 : 8869 ms
12-18 16:09:20.508  2765  3960 D MXFileStore: saveRoomsState : 1 rooms in 8869 ms
12-18 16:09:20.561  2765  3960 D MXFileStore: saveReceipts : roomId !DeuJfzJakkOlzOGEdi:matrix.org eventId : 53 ms
12-18 16:09:20.578  2765  3960 D MXFileStore: saveRoomsMessage (!DeuJfzJakkOlzOGEdi:matrix.org) : 26 messages saved in 17 ms
12-18 16:09:20.578  2765  3960 D MXFileStore: saveRoomsMessages : 1 rooms in 17 ms
12-18 16:09:20.988  2765  2765 D RestAdapterCallback: ## Succeed() : [loadPublicRooms]
12-18 16:09:20.988  2765  2765 D NetworkReceiver: ## isConnected() : true
12-18 16:09:20.988  2765  2765 D PublicRoomsManager: ## launchPublicRoomsRequest() : the request has been cancelled
12-18 16:09:20.988  2765  2765 D RestAdapterCallback: ## Succeed() : [loadPublicRooms]
12-18 16:09:20.988  2765  2765 D NetworkReceiver: ## isConnected() : true
12-18 16:09:20.988  2765  2765 D PublicRoomsManager: ## launchPublicRoomsRequest() : the request has been cancelled
12-18 16:09:22.014  2765  2765 D RestAdapterCallback: ## Succeed() : [syncFromToken]
12-18 16:09:22.014  2765  2765 D EventsThread: Got event response
12-18 16:09:22.015  2765  2765 D EventsThread: mCurrentToken is now set to s69300635_101613150_178634_8738217_66784_29874_194810
12-18 16:09:22.015  2765  3962 D MXData  : onSyncComplete
12-18 16:09:22.015  2765  3962 D MXData  : Received 1 joined rooms
12-18 16:09:22.015  2765  3962 D Room    : handleJoinedRoomSync !DeuJfzJakkOlzOGEdi:matrix.org
12-18 16:09:22.015  2765  3981 D EventsThread: Get events from token s69300635_101613150_178634_8738217_66784_29874_194810
12-18 16:09:22.015  2765  3981 D RestAdapterCallback: Trigger the event [syncFromToken]
12-18 16:09:22.129  2765  3962 D EventTimeline: handleLiveEvent : onBingEvent
12-18 16:09:22.129  2765  3962 D MXFileStore: Set token to s69300635_101613150_178634_8738217_66784_29874_194810
12-18 16:09:22.129  2765  2765 D EventStreamService: prepareNotification : $1482084561789678ZqqQu:matrix.org in !DeuJfzJakkOlzOGEdi:matrix.org
12-18 16:09:22.129  2765  3962 D MXFileStore: ++ Commit
12-18 16:09:22.129  2765  2765 D EventStreamService: prepareNotification : with sound false
12-18 16:09:22.150  2765  3962 D MXFileStore: -- Commit
12-18 16:09:22.150  2765  3962 D MXMemoryStore: eventsAfter !DeuJfzJakkOlzOGEdi:matrix.org - eventId $1482083756786337WXAMZ:matrix.org : 27 unreads
12-18 16:09:22.154  2765  3962 D MXFileStore: ++ Commit
12-18 16:09:22.154  2765  3962 D MXFileStore: -- Commit
12-18 16:09:22.154  2765  3962 D MXCallsManager: checkPendingIncomingCalls
12-18 16:09:22.160  2765  2765 D Matrix  : onLiveEventsChunkProcessed 
12-18 16:09:22.161  2765  2765 D EventStreamService: checkNotification :  the room exists
12-18 16:09:22.161  2765  2765 D EventStreamService: checkNotification :  event case
12-18 16:09:22.161  2765  2765 D EventStreamService: checkNotification :  clearNotification false
12-18 16:09:22.161  2765  2765 D EventStreamService: checkNotification :  the room exists
12-18 16:09:22.161  2765  2765 D EventStreamService: checkNotification :  event case
12-18 16:09:22.162  2765  2765 D EventStreamService: checkNotification :  clearNotification false
12-18 16:09:22.177  2765  2765 D VectorRecentsListFrg: onLiveEventsChunkProcessed
12-18 16:09:22.185  2765  2779 I art     : Background sticky concurrent mark sweep GC freed 259981(8MB) AllocSpace objects, 7(536KB) LOS objects, 9% free, 78MB/86MB, paused 5.519ms total 123.531ms
12-18 16:09:22.202  2765  2765 D RestAdapterCallback: ## Succeed() : [loadPublicRooms]
12-18 16:09:22.203  2765  2765 D NetworkReceiver: ## isConnected() : true
12-18 16:09:22.203  2765  2765 D PublicRoomsManager: ## launchPublicRoomsRequest() : the request has been cancelled
12-18 16:09:22.203  2765  2765 D RestAdapterCallback: ## Succeed() : [loadPublicRooms]
12-18 16:09:22.203  2765  2765 D NetworkReceiver: ## isConnected() : true
12-18 16:09:22.203  2765  2765 D PublicRoomsManager: ## launchPublicRoomsRequest() : the request has been cancelled
12-18 16:09:23.752  2765  2765 D RestAdapterCallback: ## Succeed() : [syncFromToken]
12-18 16:09:23.752  2765  2765 D EventsThread: Got event response
12-18 16:09:23.752  2765  2765 D EventsThread: mCurrentToken is now set to s69300644_101613160_178636_8738219_66784_29874_194810
12-18 16:09:23.752  2765  3962 D MXData  : onSyncComplete
12-18 16:09:23.752  2765  3981 D EventsThread: Get events from token s69300644_101613160_178636_8738219_66784_29874_194810
12-18 16:09:23.752  2765  3981 D RestAdapterCallback: Trigger the event [syncFromToken]
12-18 16:09:23.752  2765  3962 D MXCallsManager: checkPendingIncomingCalls
12-18 16:09:23.752  2765  2765 D Matrix  : onLiveEventsChunkProcessed 
12-18 16:09:23.752  2765  2765 D EventStreamService: checkNotification :  the room exists
12-18 16:09:23.752  2765  2765 D EventStreamService: checkNotification :  event case
12-18 16:09:23.753  2765  2765 D EventStreamService: checkNotification :  clearNotification false
12-18 16:09:23.753  2765  2765 D VectorRecentsListFrg: onLiveEventsChunkProcessed
12-18 16:09:23.785  2765  2765 D GcmListenerService: ## onMessageReceived() --------------------------------
12-18 16:09:27.166  2765  2765 D RestAdapterCallback: ## Succeed() : [loadPublicRooms]
12-18 16:09:27.166  2765  2765 D NetworkReceiver: ## isConnected() : true
12-18 16:09:27.166  2765  2765 D PublicRoomsManager: ## launchPublicRoomsRequest() : retrieves 0 rooms
12-18 16:09:27.173  2765  2765 D RestAdapterCallback: ## Succeed() : [loadPublicRooms]
12-18 16:09:27.173  2765  2765 D NetworkReceiver: ## isConnected() : true
12-18 16:09:27.173  2765  2765 D PublicRoomsManager: ## launchPublicRoomsRequest() : the request has been cancelled
12-18 16:09:27.191  2765  2765 D RestAdapterCallback: ## Succeed() : [loadPublicRooms]
12-18 16:09:27.192  2765  2765 D NetworkReceiver: ## isConnected() : true
12-18 16:09:27.192  2765  2765 D PublicRoomsManager: ## launchPublicRoomsRequest() : the request has been cancelled
12-18 16:09:27.202  2765  2765 D RestAdapterCallback: ## Succeed() : [loadPublicRooms]
12-18 16:09:27.202  2765  2765 D NetworkReceiver: ## isConnected() : true
12-18 16:09:27.202  2765  2765 D PublicRoomsManager: ## launchPublicRoomsRequest() : the request has been cancelled
12-18 16:09:27.216  2765  2765 D RestAdapterCallback: ## Succeed() : [loadPublicRooms]
12-18 16:09:27.216  2765  2765 D NetworkReceiver: ## isConnected() : true
12-18 16:09:27.216  2765  2765 D PublicRoomsManager: ## launchPublicRoomsRequest() : the request has been cancelled
12-18 16:09:27.217  2765  2765 D RestAdapterCallback: ## Succeed() : [loadPublicRooms]
12-18 16:09:27.217  2765  2765 D NetworkReceiver: ## isConnected() : true
12-18 16:09:27.217  2765  2765 D PublicRoomsManager: ## launchPublicRoomsRequest() : the request has been cancelled
12-18 16:09:27.383  2765  2779 I art     : Background partial concurrent mark sweep GC freed 432582(22MB) AllocSpace objects, 26(5MB) LOS objects, 21% free, 58MB/74MB, paused 8.907ms total 226.571ms
12-18 16:09:28.946  2765  3960 D MXFileStore: saveRoomsState 32789 : 8368 ms
12-18 16:09:28.946  2765  3960 D MXFileStore: saveRoomsState : 1 rooms in 8368 ms
12-18 16:09:28.958  2765  3960 D MXFileStore: saveSummaries : 1 summaries in 12 ms
12-18 16:09:28.963  2765  3960 D MXFileStore: saveMetaData : 5 ms
12-18 16:09:28.968  2765  3960 D MXFileStore: saveSummaries : 1 summaries in 5 ms
12-18 16:09:29.026  2765  3960 D MXFileStore: saveReceipts : roomId !DeuJfzJakkOlzOGEdi:matrix.org eventId : 58 ms
12-18 16:09:29.045  2765  3960 D MXFileStore: saveRoomsMessage (!DeuJfzJakkOlzOGEdi:matrix.org) : 27 messages saved in 19 ms
12-18 16:09:29.045  2765  3960 D MXFileStore: saveRoomsMessages : 1 rooms in 19 ms
12-18 16:09:29.049  2765  3960 D MXFileStore: saveSummaries : 1 summaries in 4 ms
12-18 16:09:29.100  2765  3960 D MXFileStore: saveReceipts : roomId !DeuJfzJakkOlzOGEdi:matrix.org eventId : 51 ms
12-18 16:09:29.104  2765  3960 D MXFileStore: saveSummaries : 1 summaries in 4 ms
12-18 16:09:29.107  2765  3960 D MXFileStore: saveMetaData : 3 ms
12-18 16:09:29.125  2765  3960 D MXFileStore: saveRoomsMessage (!DeuJfzJakkOlzOGEdi:matrix.org) : 27 messages saved in 18 ms
12-18 16:09:29.125  2765  3960 D MXFileStore: saveRoomsMessages : 1 rooms in 18 ms
12-18 16:09:29.615  2765  2765 D RestAdapterCallback: ## Succeed() : [syncFromToken]
12-18 16:09:29.615  2765  2765 D EventsThread: Got event response
12-18 16:09:29.615  2765  2765 D EventsThread: mCurrentToken is now set to s69300676_101613199_178644_8738222_66784_29874_194810
12-18 16:09:29.615  2765  3962 D MXData  : onSyncComplete
12-18 16:09:29.615  2765  3981 D EventsThread: Get events from token s69300676_101613199_178644_8738222_66784_29874_194810
12-18 16:09:29.615  2765  3981 D RestAdapterCallback: Trigger the event [syncFromToken]
12-18 16:09:29.615  2765  3962 D MXCallsManager: checkPendingIncomingCalls
12-18 16:09:29.615  2765  2765 D Matrix  : onLiveEventsChunkProcessed 
12-18 16:09:29.615  2765  2765 D EventStreamService: checkNotification :  the room exists
12-18 16:09:29.615  2765  2765 D EventStreamService: checkNotification :  event case
12-18 16:09:29.615  2765  2765 D EventStreamService: checkNotification :  clearNotification false
12-18 16:09:29.616  2765  2765 D VectorRecentsListFrg: onLiveEventsChunkProcessed
12-18 16:09:31.284  2765  6288 D MXCallsManager: refreshTurnServer cancelled
12-18 16:09:31.284  2765  6288 D MXCallsManager: refreshTurnServer
12-18 16:09:31.294  2765  2765 D VectorApp: onActivityPaused im.vector.activity.VectorUnifiedSearchActivity@1babd1e
12-18 16:09:31.294  2765  2765 D VectorApp: ## setCurrentActivity() : from im.vector.activity.VectorUnifiedSearchActivity@1babd1e to null
12-18 16:09:31.294  2765  2765 D VectorApp: ## startActivityTransitionTimer()
12-18 16:09:31.311  2765  2765 D VectorApp: onActivityStarted im.vector.activity.VectorHomeActivity@5c35c21
12-18 16:09:31.311  2765  2765 D VectorApp: onActivityResumed im.vector.activity.VectorHomeActivity@5c35c21
12-18 16:09:31.311  2765  2765 D VectorApp: ## setCurrentActivity() : from null to im.vector.activity.VectorHomeActivity@5c35c21
12-18 16:09:31.311  2765  2765 D VectorApp: ## stopActivityTransitionTimer()
12-18 16:09:31.314  2765  2765 D VectorRecentsListFrg: ## onInitialSyncComplete()
12-18 16:09:31.384  2765  2765 D RestAdapterCallback: Trigger the event [getPublicRoomsCount]
12-18 16:09:31.432  2765  2765 I Timeline: Timeline: Activity_idle id: android.os.BinderProxy@3859137 time:1621957
12-18 16:09:31.559  2765  2765 D VectorApp: onActivityStopped im.vector.activity.VectorUnifiedSearchActivity@1babd1e
12-18 16:09:31.559  2765  2765 D VectorApp: onActivityDestroyed im.vector.activity.VectorUnifiedSearchActivity@1babd1e
12-18 16:09:31.647  2765  2765 D RestAdapterCallback: ## Succeed() : [syncFromToken]
12-18 16:09:31.647  2765  2765 D EventsThread: Got event response
12-18 16:09:31.647  2765  2765 D EventsThread: mCurrentToken is now set to s69300685_101613215_178649_8738224_66784_29874_194810
12-18 16:09:31.647  2765  3981 D EventsThread: Get events from token s69300685_101613215_178649_8738224_66784_29874_194810
12-18 16:09:31.647  2765  3962 D MXData  : onSyncComplete
12-18 16:09:31.647  2765  3981 D RestAdapterCallback: Trigger the event [syncFromToken]
12-18 16:09:31.647  2765  3962 D MXCallsManager: checkPendingIncomingCalls
12-18 16:09:31.647  2765  2765 D Matrix  : onLiveEventsChunkProcessed 
12-18 16:09:31.647  2765  2765 D EventStreamService: checkNotification :  the room exists
12-18 16:09:31.647  2765  2765 D EventStreamService: checkNotification :  event case
12-18 16:09:31.647  2765  2765 D EventStreamService: checkNotification :  clearNotification false
12-18 16:09:31.647  2765  2765 D VectorRecentsListFrg: onLiveEventsChunkProcessed
12-18 16:09:32.583  2765  2765 D MXCallsManager: onSuccess 
12-18 16:09:35.765  2765  2779 I art     : Background sticky concurrent mark sweep GC freed 335063(11MB) AllocSpace objects, 14(2MB) LOS objects, 15% free, 63MB/74MB, paused 10.189ms total 101.790ms
12-18 16:09:35.873  2765  2765 D NetworkReceiver: ## isConnected() : true
12-18 16:09:35.874  2765  2765 D PublicRoomsManager: ## refreshPublicRoomsCount() : Got the rooms public list count : 1705
12-18 16:09:36.880  2765  2765 D RestAdapterCallback: ## Succeed() : [syncFromToken]
12-18 16:09:36.880  2765  2765 D EventsThread: Got event response
12-18 16:09:36.880  2765  2765 D EventsThread: mCurrentToken is now set to s69300709_101613249_178659_8738224_66784_29874_194810
12-18 16:09:36.880  2765  3962 D MXData  : onSyncComplete
12-18 16:09:36.880  2765  3981 D EventsThread: Get events from token s69300709_101613249_178659_8738224_66784_29874_194810
12-18 16:09:36.880  2765  3981 D RestAdapterCallback: Trigger the event [syncFromToken]
12-18 16:09:36.880  2765  3962 D MXCallsManager: checkPendingIncomingCalls
12-18 16:09:36.880  2765  2765 D Matrix  : onLiveEventsChunkProcessed 
12-18 16:09:36.880  2765  2765 D EventStreamService: checkNotification :  the room exists
12-18 16:09:36.880  2765  2765 D EventStreamService: checkNotification :  event case
12-18 16:09:36.880  2765  2765 D EventStreamService: checkNotification :  clearNotification false
12-18 16:09:36.880  2765  2765 D VectorRecentsListFrg: onLiveEventsChunkProcessed
12-18 16:09:37.731  2765  3960 D MXFileStore: saveRoomsState 32789 : 8606 ms
12-18 16:09:37.731  2765  3960 D MXFileStore: saveRoomsState : 1 rooms in 8606 ms
12-18 16:09:37.735  2765  3960 D MXFileStore: saveSummaries : 1 summaries in 4 ms
12-18 16:09:37.789  2765  3960 D MXFileStore: saveReceipts : roomId !DeuJfzJakkOlzOGEdi:matrix.org eventId : 54 ms
12-18 16:09:37.792  2765  3960 D MXFileStore: saveMetaData : 3 ms
12-18 16:09:37.796  2765  3960 D MXFileStore: saveSummaries : 1 summaries in 4 ms
12-18 16:09:37.813  2765  3960 D MXFileStore: saveRoomsMessage (!DeuJfzJakkOlzOGEdi:matrix.org) : 27 messages saved in 17 ms
12-18 16:09:37.813  2765  3960 D MXFileStore: saveRoomsMessages : 1 rooms in 17 ms
12-18 16:09:41.665  2765  2765 D RestAdapterCallback: ## Succeed() : [syncFromToken]
12-18 16:09:41.665  2765  2765 D EventsThread: Got event response
12-18 16:09:41.665  2765  2765 D EventsThread: mCurrentToken is now set to s69300740_101613279_178662_8738229_66784_29874_194810
12-18 16:09:41.666  2765  3981 D EventsThread: Get events from token s69300740_101613279_178662_8738229_66784_29874_194810
12-18 16:09:41.666  2765  3981 D RestAdapterCallback: Trigger the event [syncFromToken]
12-18 16:09:41.666  2765  3962 D MXData  : onSyncComplete
12-18 16:09:41.666  2765  3962 D MXCallsManager: checkPendingIncomingCalls
12-18 16:09:41.666  2765  2765 D Matrix  : onLiveEventsChunkProcessed 
12-18 16:09:41.666  2765  2765 D EventStreamService: checkNotification :  the room exists
12-18 16:09:41.666  2765  2765 D EventStreamService: checkNotification :  event case
12-18 16:09:41.667  2765  2765 D EventStreamService: checkNotification :  clearNotification false
12-18 16:09:41.667  2765  2765 D VectorRecentsListFrg: onLiveEventsChunkProcessed
12-18 16:09:41.950  2765  2779 I art     : Background sticky concurrent mark sweep GC freed 290725(9MB) AllocSpace objects, 6(468KB) LOS objects, 13% free, 64MB/74MB, paused 7.917ms total 85.895ms
12-18 16:09:42.945  2765  2765 D RestAdapterCallback: ## Succeed() : [syncFromToken]
12-18 16:09:42.945  2765  2765 D EventsThread: Got event response
12-18 16:09:42.945  2765  2765 D EventsThread: mCurrentToken is now set to s69300748_101613292_178664_8738229_66784_29874_194810
12-18 16:09:42.946  2765  3981 D EventsThread: Get events from token s69300748_101613292_178664_8738229_66784_29874_194810
12-18 16:09:42.946  2765  3962 D MXData  : onSyncComplete
12-18 16:09:42.946  2765  3981 D RestAdapterCallback: Trigger the event [syncFromToken]
12-18 16:09:42.946  2765  3962 D MXCallsManager: checkPendingIncomingCalls
12-18 16:09:42.946  2765  2765 D Matrix  : onLiveEventsChunkProcessed 
12-18 16:09:42.946  2765  2765 D EventStreamService: checkNotification :  the room exists
12-18 16:09:42.946  2765  2765 D EventStreamService: checkNotification :  event case
12-18 16:09:42.946  2765  2765 D EventStreamService: checkNotification :  clearNotification false
12-18 16:09:42.947  2765  2765 D VectorRecentsListFrg: onLiveEventsChunkProcessed
12-18 16:09:44.021  2765  2765 D RestAdapterCallback: ## Succeed() : [syncFromToken]
12-18 16:09:44.021  2765  2765 D EventsThread: Got event response
12-18 16:09:44.021  2765  2765 D EventsThread: mCurrentToken is now set to s69300751_101613305_178665_8738229_66784_29874_194810
12-18 16:09:44.021  2765  3962 D MXData  : onSyncComplete
12-18 16:09:44.021  2765  3981 D EventsThread: Get events from token s69300751_101613305_178665_8738229_66784_29874_194810
12-18 16:09:44.021  2765  3981 D RestAdapterCallback: Trigger the event [syncFromToken]
12-18 16:09:44.021  2765  3962 D MXCallsManager: checkPendingIncomingCalls
12-18 16:09:44.021  2765  2765 D Matrix  : onLiveEventsChunkProcessed 
12-18 16:09:44.021  2765  2765 D EventStreamService: checkNotification :  the room exists
12-18 16:09:44.021  2765  2765 D EventStreamService: checkNotification :  event case
12-18 16:09:44.021  2765  2765 D EventStreamService: checkNotification :  clearNotification false
12-18 16:09:44.021  2765  2765 D VectorRecentsListFrg: onLiveEventsChunkProcessed
12-18 16:09:46.047  2765  2765 D RestAdapterCallback: ## Succeed() : [syncFromToken]
12-18 16:09:46.047  2765  2765 D EventsThread: Got event response
12-18 16:09:46.047  2765  2765 D EventsThread: mCurrentToken is now set to s69300771_101613309_178670_8738231_66784_29874_194810
12-18 16:09:46.048  2765  3981 D EventsThread: Get events from token s69300771_101613309_178670_8738231_66784_29874_194810
12-18 16:09:46.048  2765  3981 D RestAdapterCallback: Trigger the event [syncFromToken]
12-18 16:09:46.048  2765  3962 D MXData  : onSyncComplete
12-18 16:09:46.049  2765  3962 D MXCallsManager: checkPendingIncomingCalls
12-18 16:09:46.049  2765  2765 D Matrix  : onLiveEventsChunkProcessed 
12-18 16:09:46.049  2765  2765 D EventStreamService: checkNotification :  the room exists
12-18 16:09:46.049  2765  2765 D EventStreamService: checkNotification :  event case
12-18 16:09:46.049  2765  2765 D EventStreamService: checkNotification :  clearNotification false
12-18 16:09:46.049  2765  2765 D VectorRecentsListFrg: onLiveEventsChunkProcessed
12-18 16:09:46.512  2765  3960 D MXFileStore: saveRoomsState 32789 : 8699 ms
12-18 16:09:46.512  2765  3960 D MXFileStore: saveRoomsState : 1 rooms in 8699 ms
12-18 16:09:46.516  2765  3960 D MXFileStore: saveSummaries : 1 summaries in 4 ms
12-18 16:09:46.519  2765  3960 D MXFileStore: saveMetaData : 3 ms
12-18 16:09:46.567  2765  3960 D MXFileStore: saveReceipts : roomId !DeuJfzJakkOlzOGEdi:matrix.org eventId : 48 ms
12-18 16:09:46.571  2765  3960 D MXFileStore: saveSummaries : 1 summaries in 4 ms
12-18 16:09:46.588  2765  3960 D MXFileStore: saveRoomsMessage (!DeuJfzJakkOlzOGEdi:matrix.org) : 27 messages saved in 17 ms
12-18 16:09:46.588  2765  3960 D MXFileStore: saveRoomsMessages : 1 rooms in 17 ms
12-18 16:09:48.435  2765  2765 D RestAdapterCallback: ## Succeed() : [syncFromToken]
12-18 16:09:48.436  2765  2765 D EventsThread: Got event response
12-18 16:09:48.436  2765  2765 D EventsThread: mCurrentToken is now set to s69300778_101613328_178674_8738232_66784_29874_194810
12-18 16:09:48.436  2765  3962 D MXData  : onSyncComplete
12-18 16:09:48.436  2765  3962 D MXData  : Received 1 joined rooms
12-18 16:09:48.436  2765  3962 D Room    : handleJoinedRoomSync !DeuJfzJakkOlzOGEdi:matrix.org
12-18 16:09:48.436  2765  3981 D EventsThread: Get events from token s69300778_101613328_178674_8738232_66784_29874_194810
12-18 16:09:48.436  2765  3981 D RestAdapterCallback: Trigger the event [syncFromToken]
12-18 16:09:48.531  2765  3962 D EventTimeline: handleLiveEvent : onBingEvent
12-18 16:09:48.531  2765  3962 D MXFileStore: Set token to s69300778_101613328_178674_8738232_66784_29874_194810
12-18 16:09:48.531  2765  3962 D MXFileStore: ++ Commit
12-18 16:09:48.534  2765  3962 D MXFileStore: -- Commit
12-18 16:09:48.534  2765  3962 D MXMemoryStore: eventsAfter !DeuJfzJakkOlzOGEdi:matrix.org - eventId $1482083756786337WXAMZ:matrix.org : 28 unreads
12-18 16:09:48.534  2765  3962 D MXFileStore: ++ Commit
12-18 16:09:48.534  2765  3962 D MXFileStore: -- Commit
12-18 16:09:48.534  2765  3962 D MXCallsManager: checkPendingIncomingCalls
12-18 16:09:48.542  2765  2765 D EventStreamService: prepareNotification : $1482084587789811SdHkz:matrix.org in !DeuJfzJakkOlzOGEdi:matrix.org
12-18 16:09:48.542  2765  2765 D EventStreamService: prepareNotification : with sound false
12-18 16:09:48.555  2765  2765 D Matrix  : onLiveEventsChunkProcessed 
12-18 16:09:48.555  2765  2765 D EventStreamService: checkNotification :  the room exists
12-18 16:09:48.555  2765  2765 D EventStreamService: checkNotification :  event case
12-18 16:09:48.555  2765  2765 D EventStreamService: checkNotification :  clearNotification false
12-18 16:09:48.555  2765  2765 D EventStreamService: checkNotification :  the room exists
12-18 16:09:48.555  2765  2765 D EventStreamService: checkNotification :  event case
12-18 16:09:48.556  2765  2765 D EventStreamService: checkNotification :  clearNotification false
12-18 16:09:48.565  2765  2765 D VectorRecentsListFrg: onLiveEventsChunkProcessed
12-18 16:09:48.580  2765  2779 I art     : Background sticky concurrent mark sweep GC freed 253547(8MB) AllocSpace objects, 6(388KB) LOS objects, 9% free, 67MB/74MB, paused 3.892ms total 141.749ms
12-18 16:09:49.670  2765  2765 D RestAdapterCallback: ## Succeed() : [syncFromToken]
12-18 16:09:49.670  2765  2765 D EventsThread: Got event response
12-18 16:09:49.670  2765  2765 D EventsThread: mCurrentToken is now set to s69300791_101613338_178674_8738233_66784_29874_194810
12-18 16:09:49.670  2765  3962 D MXData  : onSyncComplete
12-18 16:09:49.670  2765  3981 D EventsThread: Get events from token s69300791_101613338_178674_8738233_66784_29874_194810
12-18 16:09:49.670  2765  3981 D RestAdapterCallback: Trigger the event [syncFromToken]
12-18 16:09:49.670  2765  3962 D MXCallsManager: checkPendingIncomingCalls
12-18 16:09:49.670  2765  2765 D Matrix  : onLiveEventsChunkProcessed 
12-18 16:09:49.670  2765  2765 D EventStreamService: checkNotification :  the room exists
12-18 16:09:49.670  2765  2765 D EventStreamService: checkNotification :  event case
12-18 16:09:49.670  2765  2765 D EventStreamService: checkNotification :  clearNotification false
12-18 16:09:49.670  2765  2765 D VectorRecentsListFrg: onLiveEventsChunkProcessed
12-18 16:09:49.700  2765  2765 D GcmListenerService: ## onMessageReceived() --------------------------------
12-18 16:09:50.278  2765  2765 D RestAdapterCallback: ## Succeed() : [syncFromToken]
12-18 16:09:50.278  2765  2765 D EventsThread: Got event response
12-18 16:09:50.278  2765  2765 D EventsThread: mCurrentToken is now set to s69300797_101613342_178676_8738233_66784_29874_194810
12-18 16:09:50.278  2765  3962 D MXData  : onSyncComplete
12-18 16:09:50.278  2765  3981 D EventsThread: Get events from token s69300797_101613342_178676_8738233_66784_29874_194810
12-18 16:09:50.278  2765  3962 D MXCallsManager: checkPendingIncomingCalls
12-18 16:09:50.278  2765  3981 D RestAdapterCallback: Trigger the event [syncFromToken]
12-18 16:09:50.278  2765  2765 D Matrix  : onLiveEventsChunkProcessed 
12-18 16:09:50.278  2765  2765 D EventStreamService: checkNotification :  the room exists
12-18 16:09:50.278  2765  2765 D EventStreamService: checkNotification :  event case
12-18 16:09:50.278  2765  2765 D EventStreamService: checkNotification :  clearNotification false
12-18 16:09:50.279  2765  2765 D VectorRecentsListFrg: onLiveEventsChunkProcessed
12-18 16:09:52.699  2765  2779 I art     : Background partial concurrent mark sweep GC freed 365418(19MB) AllocSpace objects, 12(5MB) LOS objects, 24% free, 49MB/65MB, paused 7.944ms total 188.488ms
12-18 16:09:55.327  2765  3960 D MXFileStore: saveRoomsState 32789 : 8739 ms
12-18 16:09:55.327  2765  3960 D MXFileStore: saveRoomsState : 1 rooms in 8739 ms
12-18 16:09:55.339  2765  3960 D MXFileStore: saveSummaries : 1 summaries in 12 ms
12-18 16:09:55.390  2765  3960 D MXFileStore: saveReceipts : roomId !DeuJfzJakkOlzOGEdi:matrix.org eventId : 51 ms
12-18 16:09:55.394  2765  3960 D MXFileStore: saveSummaries : 1 summaries in 4 ms
12-18 16:09:55.400  2765  3960 D MXFileStore: saveMetaData : 5 ms
